t common factor of h and 105?
35
Suppose 2*f - 368 = -4*a, -378 = -6*a + 2*a + 3*f. Let p = a - 37. Calculate the highest common divisor of p and 6.
2
Let p(r) = r**2 + 14*r - 19. Let h be p(-17). Calculate the greatest common factor of 208 and h.
16
Let i = 538 - 355. Suppose 176*v + 49 = i*v. Calculate the highest common factor of v and 3.
1
Let g be ((-318)/(-8))/(((-590)/720)/(-59)). What is the highest common factor of g and 90?
18
Suppose z - 65 = 2*z. Let l be ((-3096)/15)/3 + 304/380. Let r = z - l. Calculate the greatest common divisor of 9 and r.
3
Let o = 780 + -780. Suppose o = -8*l - 44*l + 1248. What is the greatest common factor of l and 732?
12
Suppose -4*b - n + 2*n = -143, -2*b - 2*n = -74. Let g be b - 6 - (-8 + 10). What is the greatest common divisor of 196 and g?
28
Suppose 14*z + 14 = 16*z. Suppose z*a = -30 + 1710. Calculate the greatest common factor of a and 48.
48
Let z(h) = -3*h + 149. Let n be z(-4). Calculate the highest common factor of 6923 and n.
161
Suppose 115*b - 118*b + 234 = 0. What is the greatest common divisor of 65 and b?
13
Let v(a) = 10*a**2 - 39*a - 190. Let h be v(-4). Calculate the greatest common divisor of h and 567.
63
Let t be (-4)/(-18) + 1/6*153596/282. What is the highest common divisor of t and 780?
13
Suppose r + 5*w - 65 = 4*w, 0 = -r - 5*w + 81. Suppose 8*m + 211 = -r. Let o = m - -52. What is the highest common factor of 18 and o?
18
Suppose 2*h - 205 = -8*q + 3*q, -29 = -q + 2*h. What is the greatest common divisor of 676 and q?
13
Let s(l) = -4*l**3 - 3*l**2 - l. Let d be s(-2). Suppose 290858*h - 5445 = 290825*h. What is the highest common factor of h and d?
11
Let u(r) = -r**2 + 68*r + 1399. Let w be u(-16). What is the greatest common factor of 5 and w?
5
Let v be 304/(-30) - (-12)/90. Suppose 5*x - 40 = -3*h + 10, 3*h + 4*x = 49. Let d be (-6)/h*v + 22. What is the greatest common factor of 234 and d?
26
Let k be (6/5)/(-8 - 129/(-15)). Suppose 3*n - 9 + 1 = k*p, n - 2*p = 4. Calculate the greatest common divisor of 94 and n.
2
Suppose 4588*m = 4579*m + 861 + 11127. Suppose 2*p + 4 + 8 = u, 0 = -u - 2*p + 12. What is the greatest common factor of u and m?
12
Let z be (106/(-5))/((-2)/(-10)). Let a = -187 - z. Let i be ((-189)/a)/(1/6). What is the highest common divisor of i and 7?
7
Let l(u) = 2*u**2 - 3*u - 5. Let f be l(3). Suppose a - 2353 = -f*d, d - 2*a + 1178 = 3*d. What is the highest common divisor of 24 and d?
12
Let v = -56 - -29. Let q = 342 + v. Suppose 3*m - 213 = q. Calculate the greatest common factor of 16 and m.
16
Let c(d) = 95*d**2 + 26*d - 21. Let t be c(1). Calculate the highest common factor of 1700 and t.
100
Let u(v) = 5*v**2. Let j be u(-2). Let f be j/50 - (-36)/10. Suppose -5*n = q - 40, 3*q + 16 = f*n - 35. What is the greatest common divisor of 6 and n?
3
Let l = 185 - -472. Suppose -2*w - s = -274, -5*w - 5*s + l + 38 = 0. Calculate the greatest common divisor of 15 and w.
15
Let m = 808 + -772. Suppose -m = -4*b + 504. Calculate the greatest common divisor of b and 15.
15
Let b be (14 - -2*302580/96) + (-1)/(-4). Calculate the greatest common factor of b and 135.
27
Let i be 2/3 - 236/(-6). Let p be 1674/(-5) + -2*4/40. Let t = p - -455. What is the highest common divisor of t and i?
40
Let n be 3056 - (-30)/55*-11. Calculate the greatest common factor of 61 and n.
61
Let f(b) = b**3 + b**2 + 2*b + 646. Let a = 46 + -46. Let y be f(a). Suppose 3*j - 2 = y. What is the greatest common divisor of j and 24?
24
Let a be (0 - -1 - -1) + 13. Suppose 2*g + r + 3*r - 62 = 0, 6 = 3*r. Suppose -11*d = -g*d + 240. What is the highest common factor of d and a?
15
Suppose -3*c + c + 26 = 0. Suppose -3*z = -24 - 0. Let a(g) = g**3 - 7*g**2 - 9*g + 34. Let j be a(z). Calculate the highest common factor of j and c.
13
Let z = 56 + -50. Suppose -r = -f - z, 0 = -r + 4*f + 5 + 1. Suppose 0 = w - r*w + 160. Calculate the highest common factor of w and 64.
32
Let j(i) be the first derivative of i**4/4 + 41*i**3/3 + 37*i**2/2 - 30*i - 8. Let f be j(-40). Calculate the highest common divisor of 90 and f.
90
Let x(i) = -i**3 - 2*i**2 + 7*i + 16. Let f be x(-4). Let c = f + 85. What is the greatest common factor of c and 70?
35
Suppose 3*b = -2*u + 505, 1013 = 5*b - 4*u + 142. Calculate the highest common factor of b and 2679.
57
Let k(p) = p**2 + 35*p - 30. Let y be k(-36). Suppose -113 + 59 = -y*f. What is the greatest common factor of 3 and f?
3
Let x(c) = -c**3 - 55*c**2 + 37*c - 745. Let o be x(-57). What is the highest common divisor of 4 and o?
4
Suppose 0 = -10*w - 9*w + 2195830. Let m be 4/38 + w/247. Calculate the greatest common divisor of m and 36.
36
Let c = -831 + 960. Let n = 4 + -2. Suppose -2*u - 4*r + 106 = 0, -6*u + 4*r + 152 = -n*u. What is the greatest common divisor of u and c?
43
Let j(u) = -7*u + 147. Let l be j(7). Let v be (-11 + 7)*-2*(-56)/(-4). What is the highest common factor of l and v?
14
Suppose -5*x = -4*i + 196, 2*x = 24*i - 29*i + 245. What is the greatest common divisor of 1078 and i?
49
Suppose -6 - 12 = d. Let v = d + 27. Let n be ((-56)/6)/(-1) - (-15)/(-45). Calculate the greatest common divisor of v and n.
9
Let o = 42 + -39. Suppose -67 = -5*q + 4*w, -3*w + 3 = -o. Suppose -5*k = -0*l - l, -66 = -4*l - 2*k. What is the highest common factor of l and q?
15
Suppose -4*c = -23 + 7. Let m be (5 - c)*(1 + 20). Let v = -246 + 351. What is the greatest common divisor of v and m?
21
Let z = -15305 - -15458. What is the highest common factor of z and 5457?
51
Let u = -71 - 53. Let i(r) = -r**3 + 5*r**2 + 112. Let x be i(9). Let l = u - x. Calculate the highest common divisor of l and 22.
22
Let j(t) = 10*t - 1 + 14*t + 2 + 2*t. Let b be j(1). Let k be 6/b + 1252/36. What is the greatest common factor of k and 245?
35
Let b(n) = 40 + 12*n + 36 + 0*n + 50. Let z be b(-9). What is the greatest common factor of z and 612?
18
Let w be 504/27 - (-5 - (-17)/3). Calculate the highest common divisor of w and 3582.
18
Let j = 1598 + -816. What is the highest common factor of 272 and j?
34
Let g = 432 - 656. Let a = g + 238. What is the highest common factor of a and 322?
14
Let x = 6402 - 5588. Calculate the greatest common factor of x and 44.
22
Let g(z) = 2*z**2 + 27*z - 50. Let q be g(20). What is the greatest common factor of 30 and q?
30
Let z(f) = -40*f**3 - 2*f**2 + f + 4. Let o be z(-2). Let u = o - 292. Calculate the greatest common factor of u and 99.
11
Let c(z) = 13*z**2 - 63*z + 137. Let m be c(2). What is the highest common divisor of m and 1687?
7
Let m be (-2 - -2) + (15 - 12). Suppose -m*f + 1 = w - 2*f, 4*w = 2*f - 2. Suppose -y - 11 + 17 = w. Calculate the highest common factor of y and 30.
6
Suppose 0 = -3*v - 4*k - 843, 0*v = -2*v + 2*k - 548. Let h = v + 835. Suppose 0*i + 9*i - h = 0. What is the greatest common factor of i and 31?
31
Let v be (40/(-8) - 7)*-4. What is the highest common divisor of v and 7248?
48
Let c(v) = -8*v**3 - 86*v**2 + 17*v + 147. Let w be c(-11). What is the highest common divisor of w and 13534?
202
Suppose -4 = 5*x + 101. Let z(r) = -r + 9. Let n be z(x). What is the highest common divisor of n and 105?
15
Let j(h) = 70*h**2 + h + 1. Let x be j(-1). Suppose -18*t = x - 376. What is the highest common divisor of 119 and t?
17
Suppose 4*b - 33 = -4*k - 5, k = -2*b + 11. What is the highest common divisor of 201 and k?
3
Let h be (3 + 5/5)/(4 - 3). Suppose 0 = h*a - 290 + 74. What is the greatest common factor of 54 and a?
54
Suppose -i + 30 = -5*l, -2*l - 21 = -5*i + 14. Suppose -i*n = 29*k - 33*k - 230, k + 215 = 5*n. Calculate the highest common divisor of n and 7.
7
Let u(i) = i**3 + 23*i**2 + 3*i - 3. Let v be u(7). Calculate the greatest common divisor of v and 4557.
93
Let v = -3 - 15. Let b be ((-24)/v)/((-4)/(-6)). Suppose 35 = 3*n - 4*f, 4*n + b*f = -f + 80. Calculate the greatest common divisor of 221 and n.
17
Suppose -31*j + 10*j = 24*j - 5760. What is the highest common divisor of j and 48?
16
Let x(k) = -44*k - 895. Let d be x(-25). Calculate the highest common divisor of 1763 and d.
41
Let a = -27979 - -29979. Calculate the greatest common divisor of a and 2125.
125
Let a be ((-44)/8)/((-1)/(-8)). Let r be (-9916)/(-44) + a/121. Calculate the greatest common factor of r and 180.
